{"id":2967,"date":"2023-12-25T10:31:58","date_gmt":"2023-12-25T10:31:58","guid":{"rendered":"https:\/\/walkinginyourshoes.gr\/?page_id=2967"},"modified":"2024-08-21T13:27:25","modified_gmt":"2024-08-21T13:27:25","slug":"%ce%bc%ce%ad%ce%b8%ce%bf%ce%b4%ce%bf%cf%82-walking-in-your-shoes","status":"publish","type":"page","link":"https:\/\/walkinginyourshoes.ch\/?page_id=2967","title":{"rendered":"Die Methode walking in your shoes"},"content":{"rendered":"<p>[vc_row][vc_column][vc_single_image image=&#8221;3928&#8243; img_size=&#8221;full&#8221; alignment=&#8221;center&#8221;][vc_single_image image=&#8221;3987&#8243; img_size=&#8221;full&#8221; alignment=&#8221;center&#8221;][\/vc_column][\/vc_row][vc_row css=&#8221;.vc_custom_1706956489343{margin-top: 20px !important;margin-right: 5% !important;margin-left: 5% !important;}&#8221;][vc_column css=&#8221;.vc_custom_1709495134900{background-image: url(https:\/\/walkinginyourshoes.ch\/wp-content\/uploads\/2024\/03\/Background_light_2.jpg?id=3414) !important;}&#8221;][vc_column_text]<\/p>\n<h2 align=\"justify\">Was ist Walking In Your Shoes\u00ae?<\/h2>\n<p>Walking In Your Shoes\u00ae ist eine ph\u00e4nomenologische Selbsterfahrungsmethode, die aus der Psychotherapie und dem Theater entstanden ist. Es hat seine Wurzeln im alten Wissen und den alten Traditionen der Menschheit. Seine grundlegenden Prinzipien finden wir in vielen indigenen V\u00f6lkern. In den Vereinigten Staaten, in der Stadt der Engel, brachten es der Psychotherapeut John F. Cogswell Ph.D und der Schauspieler &#8211; Regisseur Joseph Culp, Ende der achtziger Jahren, ans Licht. Und sp\u00e4ter ist es von Christian Assel nach Europa gebracht worden. Es kann in den Bereichen der Psyche, des Lebens und der Kunst angewandt werden.<\/p>\n<p>Es ist eine Methode und ein Weg, um uns tiefer mit uns selbst, miteinander und mit dem Feld, das uns und alles um uns enth\u00e4lt, zu verbinden. Seine Quelle ist die Empathie, unsere nat\u00fcrliche Gabe, uns auf eine andere Person, ein Gef\u00fchl oder eine Situation einzustimmen um sie auf einer tieferen Ebene zu erfahren, ohne dass diese Informationen aus unserem rationalen Denken oder bereits vorhandenem Wissen stammen.<\/p>\n<p>Im Herzen des Prozesses befindet sich die Chance, uns von den Begrenzungen unserer Muster zu befreien und unsere alten &#8211; m\u00f6glicherweise festgefahrenen und unbewussten &#8211; Wahrnehmungen der Realit\u00e4t und vor allem von uns selbst zu \u00fcberwinden und zu transformieren. Im Wesentlichen geht es darum, den Glauben, den wir alle haben, dass wir getrennt sind, loszulassen. In Wirklichkeit sind wir alle eins und wir sind alle Teil von dem, was ist.<\/p>\n<p>Walking In Your Shoes\u00ae erweitert und vereint gleichzeitig, durch Bewegung, die Wahrnehmungen unseres K\u00f6rpers und der verschiedenen Teile unserer Seele, der bewussten und unbewussten.<\/p>\n<p>Durch diese Selbsterfahrungsmethode k\u00f6nnen wir uns der wesentlichen Botschaft bewusst werden, die in jeder unserer Lebensumst\u00e4nden und Herausforderungen enthalten ist. Auf diese Weise k\u00f6nnen wir mit tiefgreifenden Einsichten beschenkt werden, die oft eine transformative Ver\u00e4nderung unserer Sichtweise bewirken. Dies erweitert und ver\u00e4ndert unsere Einstellungen und die Tragweite unserer Entscheidungen und Handlungen.<\/p>\n<p>Mit Walking In Your Shoes\u00ae wird eine neue Erfahrung gestaltet, die in unser Bewusstsein eindringt. Auf diese Weise k\u00f6nnen wir die tieferen Ursachen erkennen und eine befreiende Klarheit gewinnen. Dies kann zu mehr innerem Frieden und Freiheit in unserem Leben f\u00fchren.[\/vc_column_text][\/vc_column][\/vc_row][vc_row][vc_column][vc_empty_space height=&#8221;44px&#8221;][\/vc_column][\/vc_row][vc_row css=&#8221;.vc_custom_1706696878997{margin-right: 5% !important;margin-left: 5% !important;}&#8221;][vc_column][vc_column_text]<\/p>\n<h3 style=\"text-align: center;\" align=\"justify\">Der Prozess eines Walks<\/h3>\n<p>Ein Walk beginnt, indem eine Person ihre Absicht \u00e4ussert, ein Anliegen zu walken. Sobald das Anliegen klar definiert ist, wird ein*e Vertreter*in gebeten, dieses Anliegen f\u00fcr sie zu walken. Diese Person beginnt dann, das Anliegen zu walken. Sie geht in den Dienst f\u00fcr diese Rolle und bewegt sich k\u00f6rperlich. Spontan und instinktiv. Frei von Vorstellungen, Bildern und Erwartungen.<\/p>\n<p>Das Feld wird von der leitenden Person aktiv gehalten. Sie unterst\u00fctzt und leitet mit ihren Fragen den Weg zu tieferen Ebenen der sich zeigenden Dynamik. Sie leitet die Person, die walkt, dazu an, auf die Impulse ihres K\u00f6rpers zu h\u00f6ren und so zu der \u201eRolle\u201c zu werden, die sie walkt, indem sie alle ihre Gedanken, Gef\u00fchle, Impulse, Empfindungen, Intuitionen und Eingaben berichtet.<\/p>\n<p>Die langj\u00e4hrige Erfahrung zeigt, dass die \u201eRolle\u201c, die gewalkt wird, oft bemerkenswerte \u00c4hnlichkeiten mit der Realit\u00e4t aufweist, was eine tiefgreifende Wirkung hat. F\u00fcr d(ein)en Walk bietet diese \u201eRolle\u201c wertvolle Informationen f\u00fcr ein tieferes Verst\u00e4ndnis, Befreiung, Verwandlung, Entwicklung und Wachstum.[\/vc_column_text][vc_empty_space height=&#8221;45px&#8221;][\/vc_column][\/vc_row][vc_row][vc_column][vc_empty_space height=&#8221;14px&#8221;][vc_column_text]<\/p>\n<h4 style=\"text-align: center;\" align=\"justify\"><strong>Es gibt ganz viele Themen, die gewalkt werden k\u00f6nnen:<\/strong><\/h4>\n<p>[\/vc_column_text][\/vc_column][\/vc_row][vc_row css=&#8221;.vc_custom_1706701243093{margin-right: 5% !important;margin-left: 5% !important;}&#8221;][vc_column width=&#8221;1\/3&#8243;][vc_column_text]<\/p>\n<ul>\n<li>Ich selbst<\/li>\n<li>Meine Seele<\/li>\n<li>Meine Pers\u00f6nlichkeit<\/li>\n<li>Mein inneres Kind<\/li>\n<li>Mein blinder Fleck<\/li>\n<li>Mein Selbstwertgef\u00fchl<\/li>\n<li>Meine Sexualit\u00e4t<\/li>\n<li>Mein Widerstand<\/li>\n<li>Mein*e innere*r Saboteur*in usw.<\/li>\n<\/ul>\n<p align=\"justify\"><em><strong>Besondere Themen<\/strong><\/em><\/p>\n<ul>\n<li>Krankheiten und Symptome<\/li>\n<li>Tiere und Haustiere usw.<\/li>\n<\/ul>\n<p>[\/vc_column_text][\/vc_column][vc_column width=&#8221;1\/3&#8243;][vc_column_text]<\/p>\n<p align=\"justify\"><em><strong>Meine Gef\u00fchle<\/strong><\/em><\/p>\n<ul>\n<li>Meine Traumata<\/li>\n<li>Meine Angst<\/li>\n<li>Meine Wut<\/li>\n<li>Meine Traurigkeit<\/li>\n<li>Meine Freude am Leben<\/li>\n<li>Meine Liebe usw.<\/li>\n<\/ul>\n<p align=\"justify\"><em><strong>Menschen und Beziehungen<\/strong><\/em><\/p>\n<ul>\n<li>Mein Ursprungs- und jetziges Familiensystem<\/li>\n<li>Mein*e Partner*in<\/li>\n<li>Mein Kind &#8211; meine Kinder<\/li>\n<li>Eine Person, mit der es einen Konflikt gibt<\/li>\n<li>Meine Umgebung und Umst\u00e4nde usw.<\/li>\n<\/ul>\n<p>[\/vc_column_text][\/vc_column][vc_column width=&#8221;1\/3&#8243;][vc_column_text]<\/p>\n<p align=\"justify\"><em><strong>Mein-e Beruf-ung<\/strong><\/em><\/p>\n<ul>\n<li>Meine Berufung<\/li>\n<li>Mein Beruf<\/li>\n<li>Mein Arbeitsumfeld<\/li>\n<li>Meine Arbeitsbeziehungen<\/li>\n<li>Mein Erfolg<\/li>\n<li>Meine Begabungen<\/li>\n<li>Mein nicht genutztes Potenzial usw.<\/li>\n<\/ul>\n<p align=\"justify\"><em><strong>Berufliche und kreative Projekte<\/strong><\/em><\/p>\n<p align=\"justify\"><span lang=\"de-CH\">Mein Unternehmen, <\/span><span lang=\"de-CH\">Mein Projekt, <\/span><span lang=\"de-CH\">Meine Arbeit, <\/span><span lang=\"de-CH\">Meine Regiearbeit, <\/span><span lang=\"de-CH\">Meine Rolle, <\/span><span lang=\"de-CH\">Mein Schreiben. <\/span><span lang=\"de-CH\">Mein Buch, das ich gerade schreibe &#8211; das ich schreiben m\u00f6chte, <\/span><span lang=\"de-CH\">Meine Lieder &#8211; meine Texte, usw.<\/span><\/p>\n<p>[\/vc_column_text][\/vc_column][\/vc_row][vc_row][vc_column][vc_empty_space height=&#8221;7px&#8221;][vc_column_text]<\/p>\n<h5 style=\"text-align: center;\" align=\"justify\"><strong>Die M\u00f6glichkeiten sind unbegrenzt!<\/strong><\/h5>\n<p>[\/vc_column_text][vc_empty_space height=&#8221;34px&#8221;][\/vc_column][\/vc_row][vc_row css=&#8221;.vc_custom_1706702410442{margin-right: 10% !important;margin-left: 10% !important;}&#8221;][vc_column css=&#8221;.vc_custom_1709495184717{background-image: url(https:\/\/walkinginyourshoes.ch\/wp-content\/uploads\/2024\/03\/Background_light_2.jpg?id=3414) !important;}&#8221;][vc_column_text]<\/p>\n<h4 style=\"text-align: center;\" align=\"justify\"><strong>An wen richtet sich Walking In Your Shoes\u00ae?<\/strong><\/h4>\n<p>Walking In Your Shoes\u00ae richtet sich an jede Person, die ihren pers\u00f6nlichen Weg vertiefen m\u00f6chte. An diejenige, die die Wurzeln, Dynamiken, Systemordnungen und Verstrickungen des Lebens wirklich verstehen m\u00f6chte. Die nach Erkenntnissen sucht und L\u00f6sungen aktivieren will. Einen Schritt nach dem anderen. In allen Lebensbereichen. F\u00fcr ein Leben, das mit dem eigenen Weg und Ziel im Einklang ist und dem zugestimmt wird und in dem immer mehr und tiefere Freude empfunden wird.<\/p>\n<p>Es richtet sich auch an Therapeut*innen, Psycholog*innen, Animator*innen, Berater*innen, Sozialarbeiter*innen, P\u00e4dagog*innen, Gesundheitsfachkr\u00e4fte, Fachkr\u00e4fte, die Menschen mit besonderen Bed\u00fcrfnissen unterst\u00fctzen: Patient*innen, \u00e4ltere Menschen usw. An alle, die ein tieferes Mass an Empathie erlangen m\u00f6chten und ihre Dienstleistungen durch eine Erfahrung bereichern m\u00f6chten, die auf tieferen Ebenen ihrer eigenen und der Seele der Klient*innen wirkt.<\/p>\n<p>An K\u00fcnstler*innen, Schriftsteller*innen, Schauspieler*innen, Regisseur*innen, T\u00e4nzer*innen, Interpret*innen, Liedermacher*innen usw. An alle kreative Menschen, die mit ihrer Kreativit\u00e4t tiefere Erfahrungen machen wollen.<\/p>\n<p>An Unternehmer*innen, die sich nach einem bewussten Unternehmertum sehnen, um die Prinzipien in ihrem Unternehmen zu verstehen und umzusetzen.<\/p>\n<p>Walking In Your Shoes\u00ae kann entweder eigenst\u00e4ndig oder in Verbindung mit anderen kreativen und therapeutischen Methoden eingesetzt werden<\/p>\n<p>Just Keep Walking \u2026<\/p>\n<p><em>Der Genderstern wird gem\u00e4ss dem Geist von Walking In Your Shoes\u00ae verwendet und umfasst alle Wesen \u2013 jedes Geschlechts, jeder Identit\u00e4t und Orientierung.<\/em>[\/vc_column_text][vc_empty_space height=&#8221;34px&#8221;][\/vc_column][\/vc_row][vc_row][vc_column][vc_empty_space height=&#8221;24px&#8221;][vc_btn title=&#8221;KONTAKT&#8221; color=&#8221;vista-blue&#8221; align=&#8221;center&#8221; link=&#8221;url:https%3A%2F%2Fwalkinginyourshoes.ch%2F%3Fpage_id%3D1093|title:%CE%95%CF%80%CE%B9%CE%BA%CE%BF%CE%B9%CE%BD%CF%89%CE%BD%CE%AF%CE%B1&#8243;][\/vc_column][\/vc_row]<\/p>\n","protected":false},"excerpt":{"rendered":"<p>[vc_row][vc_column][vc_single_image image=&#8221;3928&#8243; img_size=&#8221;full&#8221; alignment=&#8221;center&#8221;][vc_single_image image=&#8221;3987&#8243; img_size=&#8221;full&#8221; alignment=&#8221;center&#8221;][\/vc_column][\/vc_row][vc_row css=&#8221;.vc_custom_1706956489343{margin-top: 20px !important;margin-right: 5% !important;margin-left: 5% !important;}&#8221;][vc_column css=&#8221;.vc_custom_1709495134900{background-image: url(https:\/\/walkinginyourshoes.ch\/wp-content\/uploads\/2024\/03\/Background_light_2.jpg?id=3414) !important;}&#8221;][vc_column_text] Was ist Walking In Your Shoes\u00ae? Walking In Your Shoes\u00ae ist eine ph\u00e4nomenologische Selbsterfahrungsmethode, die aus der Psychotherapie und dem Theater entstanden ist. [&hellip;]<\/p>\n","protected":false},"author":2,"featured_media":0,"parent":2613,"menu_order":0,"comment_status":"closed","ping_status":"closed","template":"full-width.php","meta":{"_price":"","_stock":"","_tribe_ticket_header":"","_tribe_default_ticket_provider":"","_tribe_ticket_capacity":"0","_ticket_start_date":"","_ticket_end_date":"","_tribe_ticket_show_description":"","_tribe_ticket_show_not_going":false,"_tribe_ticket_use_global_stock":"","_tribe_ticket_global_stock_level":"","_global_stock_mode":"","_global_stock_cap":"","_tribe_rsvp_for_event":"","_tribe_ticket_going_count":"","_tribe_ticket_not_going_count":"","_tribe_tickets_list":"[]","_tribe_ticket_has_attendee_info_fields":false,"footnotes":"","_tec_slr_enabled":"","_tec_slr_layout":""},"class_list":["post-2967","page","type-page","status-publish","hentry"],"yoast_head":"<!-- This site is optimized with the Yoast SEO plugin v26.2 - https:\/\/yoast.com\/wordpress\/plugins\/seo\/ -->\n<title>Die Methode walking in your shoes - WIYS\u00ae<\/title>\n<meta name=\"description\" content=\"Was ist Walking In Your Shoes\u00ae? Walking In Your Shoes\u00ae ist eine ph\u00e4nomenologische Selbsterfahrungsmethode, die aus der Psychotherapie und dem Theater entstanden ist.\" \/>\n<meta name=\"robots\" content=\"index, follow, max-snippet:-1, max-image-preview:large, max-video-preview:-1\" \/>\n<link rel=\"canonical\" href=\"https:\/\/walkinginyourshoes.ch\/?page_id=2967\" \/>\n<meta property=\"og:locale\" content=\"el_GR\" \/>\n<meta property=\"og:type\" content=\"article\" \/>\n<meta property=\"og:title\" content=\"Die Methode walking in your shoes - WIYS\u00ae\" \/>\n<meta property=\"og:description\" content=\"Was ist Walking In Your Shoes\u00ae? Walking In Your Shoes\u00ae ist eine ph\u00e4nomenologische Selbsterfahrungsmethode, die aus der Psychotherapie und dem Theater entstanden ist.\" \/>\n<meta property=\"og:url\" content=\"https:\/\/walkinginyourshoes.ch\/?page_id=2967\" \/>\n<meta property=\"og:site_name\" content=\"Walking in your shoes\" \/>\n<meta property=\"article:modified_time\" content=\"2024-08-21T13:27:25+00:00\" \/>\n<meta name=\"twitter:card\" content=\"summary_large_image\" \/>\n<meta name=\"twitter:label1\" content=\"\u0395\u03ba\u03c4\u03b9\u03bc\u03ce\u03bc\u03b5\u03bd\u03bf\u03c2 \u03c7\u03c1\u03cc\u03bd\u03bf\u03c2 \u03b1\u03bd\u03ac\u03b3\u03bd\u03c9\u03c3\u03b7\u03c2\" \/>\n\t<meta name=\"twitter:data1\" content=\"6 \u03bb\u03b5\u03c0\u03c4\u03ac\" \/>\n<script type=\"application\/ld+json\" class=\"yoast-schema-graph\">{\"@context\":\"https:\/\/schema.org\",\"@graph\":[{\"@type\":\"WebPage\",\"@id\":\"https:\/\/walkinginyourshoes.ch\/?page_id=2967\",\"url\":\"https:\/\/walkinginyourshoes.ch\/?page_id=2967\",\"name\":\"Die Methode walking in your shoes - WIYS\u00ae\",\"isPartOf\":{\"@id\":\"https:\/\/walkinginyourshoes.ch\/#website\"},\"datePublished\":\"2023-12-25T10:31:58+00:00\",\"dateModified\":\"2024-08-21T13:27:25+00:00\",\"description\":\"Was ist Walking In Your Shoes\u00ae? Walking In Your Shoes\u00ae ist eine ph\u00e4nomenologische Selbsterfahrungsmethode, die aus der Psychotherapie und dem Theater entstanden ist.\",\"breadcrumb\":{\"@id\":\"https:\/\/walkinginyourshoes.ch\/?page_id=2967#breadcrumb\"},\"inLanguage\":\"el\",\"potentialAction\":[{\"@type\":\"ReadAction\",\"target\":[\"https:\/\/walkinginyourshoes.ch\/?page_id=2967\"]}]},{\"@type\":\"BreadcrumbList\",\"@id\":\"https:\/\/walkinginyourshoes.ch\/?page_id=2967#breadcrumb\",\"itemListElement\":[{\"@type\":\"ListItem\",\"position\":1,\"name\":\"\u0391\u03c1\u03c7\u03b9\u03ba\u03ae\",\"item\":\"https:\/\/walkinginyourshoes.ch\/\"},{\"@type\":\"ListItem\",\"position\":2,\"name\":\"Walking in Your Shoes\",\"item\":\"https:\/\/walkinginyourshoes.ch\/\"},{\"@type\":\"ListItem\",\"position\":3,\"name\":\"Die Methode walking in your shoes\"}]},{\"@type\":\"WebSite\",\"@id\":\"https:\/\/walkinginyourshoes.ch\/#website\",\"url\":\"https:\/\/walkinginyourshoes.ch\/\",\"name\":\"Walking in your shoes\",\"description\":\"ph\u00e4nomenologische Selbsterfahrungsmethode\",\"potentialAction\":[{\"@type\":\"SearchAction\",\"target\":{\"@type\":\"EntryPoint\",\"urlTemplate\":\"https:\/\/walkinginyourshoes.ch\/?s={search_term_string}\"},\"query-input\":{\"@type\":\"PropertyValueSpecification\",\"valueRequired\":true,\"valueName\":\"search_term_string\"}}],\"inLanguage\":\"el\"}]}<\/script>\n<!-- \/ Yoast SEO plugin. -->","yoast_head_json":{"title":"Die Methode walking in your shoes - WIYS\u00ae","description":"Was ist Walking In Your Shoes\u00ae? Walking In Your Shoes\u00ae ist eine ph\u00e4nomenologische Selbsterfahrungsmethode, die aus der Psychotherapie und dem Theater entstanden ist.","robots":{"index":"index","follow":"follow","max-snippet":"max-snippet:-1","max-image-preview":"max-image-preview:large","max-video-preview":"max-video-preview:-1"},"canonical":"https:\/\/walkinginyourshoes.ch\/?page_id=2967","og_locale":"el_GR","og_type":"article","og_title":"Die Methode walking in your shoes - WIYS\u00ae","og_description":"Was ist Walking In Your Shoes\u00ae? Walking In Your Shoes\u00ae ist eine ph\u00e4nomenologische Selbsterfahrungsmethode, die aus der Psychotherapie und dem Theater entstanden ist.","og_url":"https:\/\/walkinginyourshoes.ch\/?page_id=2967","og_site_name":"Walking in your shoes","article_modified_time":"2024-08-21T13:27:25+00:00","twitter_card":"summary_large_image","twitter_misc":{"\u0395\u03ba\u03c4\u03b9\u03bc\u03ce\u03bc\u03b5\u03bd\u03bf\u03c2 \u03c7\u03c1\u03cc\u03bd\u03bf\u03c2 \u03b1\u03bd\u03ac\u03b3\u03bd\u03c9\u03c3\u03b7\u03c2":"6 \u03bb\u03b5\u03c0\u03c4\u03ac"},"schema":{"@context":"https:\/\/schema.org","@graph":[{"@type":"WebPage","@id":"https:\/\/walkinginyourshoes.ch\/?page_id=2967","url":"https:\/\/walkinginyourshoes.ch\/?page_id=2967","name":"Die Methode walking in your shoes - WIYS\u00ae","isPartOf":{"@id":"https:\/\/walkinginyourshoes.ch\/#website"},"datePublished":"2023-12-25T10:31:58+00:00","dateModified":"2024-08-21T13:27:25+00:00","description":"Was ist Walking In Your Shoes\u00ae? Walking In Your Shoes\u00ae ist eine ph\u00e4nomenologische Selbsterfahrungsmethode, die aus der Psychotherapie und dem Theater entstanden ist.","breadcrumb":{"@id":"https:\/\/walkinginyourshoes.ch\/?page_id=2967#breadcrumb"},"inLanguage":"el","potentialAction":[{"@type":"ReadAction","target":["https:\/\/walkinginyourshoes.ch\/?page_id=2967"]}]},{"@type":"BreadcrumbList","@id":"https:\/\/walkinginyourshoes.ch\/?page_id=2967#breadcrumb","itemListElement":[{"@type":"ListItem","position":1,"name":"\u0391\u03c1\u03c7\u03b9\u03ba\u03ae","item":"https:\/\/walkinginyourshoes.ch\/"},{"@type":"ListItem","position":2,"name":"Walking in Your Shoes","item":"https:\/\/walkinginyourshoes.ch\/"},{"@type":"ListItem","position":3,"name":"Die Methode walking in your shoes"}]},{"@type":"WebSite","@id":"https:\/\/walkinginyourshoes.ch\/#website","url":"https:\/\/walkinginyourshoes.ch\/","name":"Walking in your shoes","description":"ph\u00e4nomenologische Selbsterfahrungsmethode","potentialAction":[{"@type":"SearchAction","target":{"@type":"EntryPoint","urlTemplate":"https:\/\/walkinginyourshoes.ch\/?s={search_term_string}"},"query-input":{"@type":"PropertyValueSpecification","valueRequired":true,"valueName":"search_term_string"}}],"inLanguage":"el"}]}},"ticketed":false,"_links":{"self":[{"href":"https:\/\/walkinginyourshoes.ch\/index.php?rest_route=\/wp\/v2\/pages\/2967","targetHints":{"allow":["GET"]}}],"collection":[{"href":"https:\/\/walkinginyourshoes.ch\/index.php?rest_route=\/wp\/v2\/pages"}],"about":[{"href":"https:\/\/walkinginyourshoes.ch\/index.php?rest_route=\/wp\/v2\/types\/page"}],"author":[{"embeddable":true,"href":"https:\/\/walkinginyourshoes.ch\/index.php?rest_route=\/wp\/v2\/users\/2"}],"replies":[{"embeddable":true,"href":"https:\/\/walkinginyourshoes.ch\/index.php?rest_route=%2Fwp%2Fv2%2Fcomments&post=2967"}],"version-history":[{"count":111,"href":"https:\/\/walkinginyourshoes.ch\/index.php?rest_route=\/wp\/v2\/pages\/2967\/revisions"}],"predecessor-version":[{"id":4076,"href":"https:\/\/walkinginyourshoes.ch\/index.php?rest_route=\/wp\/v2\/pages\/2967\/revisions\/4076"}],"up":[{"embeddable":true,"href":"https:\/\/walkinginyourshoes.ch\/index.php?rest_route=\/wp\/v2\/pages\/2613"}],"wp:attachment":[{"href":"https:\/\/walkinginyourshoes.ch\/index.php?rest_route=%2Fwp%2Fv2%2Fmedia&parent=2967"}],"curies":[{"name":"wp","href":"https:\/\/api.w.org\/{rel}","templated":true}]}}